{"id":470,"date":"2024-01-06T13:01:36","date_gmt":"2024-01-06T13:01:36","guid":{"rendered":"http:\/\/www.drilkeralicerci.com.tr\/?page_id=470"},"modified":"2024-01-06T13:37:46","modified_gmt":"2024-01-06T13:37:46","slug":"perinatoloji-nedir","status":"publish","type":"page","link":"https:\/\/www.drilkeralicerci.com.tr\/?page_id=470","title":{"rendered":"Perinatoloji Nedir?"},"content":{"rendered":"<p>[vc_row][vc_column text_align=&#8221;center&#8221;][vc_single_image image=&#8221;487&#8243; img_size=&#8221;600&#215;534&#8243; alignment=&#8221;center&#8221; lightbox=&#8221;yes&#8221; animation_type=&#8221;fadeIn&#8221;][\/vc_column][vc_column][vc_column_text]Perinatoloji, gebelik, do\u011fum ve do\u011fum sonras\u0131 d\u00f6nemde annenin ve bebe\u011fin sa\u011fl\u0131\u011f\u0131yla ilgilenen t\u0131p dal\u0131d\u0131r. Perinatologlar, y\u00fcksek riskli gebelikleri, do\u011fum \u00f6ncesi tan\u0131 ve tedaviyi, fetal geli\u015fim sorunlar\u0131n\u0131 ve do\u011fum sonras\u0131 bak\u0131m\u0131 y\u00f6netmek konusunda \u00f6zel e\u011fitim alm\u0131\u015f Kad\u0131n Do\u011fum Uzmanlar\u0131d\u0131r. Bu uzmanl\u0131k alan\u0131, anne ve bebek sa\u011fl\u0131\u011f\u0131n\u0131 optimal seviyede tutma ve potansiyel sorunlar\u0131 tan\u0131ma ve tedavi etme amac\u0131n\u0131 ta\u015f\u0131r.<\/p>\n<p><strong>Y\u00fcksek Riskli Gebelikler:<\/strong> Perinatologlar, gebelik s\u0131ras\u0131nda ortaya \u00e7\u0131kan potansiyel risk fakt\u00f6rleri nedeniyle y\u00fcksek riskli gebelikleri y\u00f6netir. Bu fakt\u00f6rler aras\u0131nda hipertansiyon, diyabet, genetik hastal\u0131klar, \u00e7oklu gebelikler (ikiz, \u00fc\u00e7\u00fcz vb.) ve di\u011fer t\u0131bbi durumlar yer al\u0131r.<\/p>\n<p><strong>Fetal Geli\u015fim \u0130zlemi:<\/strong> Perinatologlar, fetal geli\u015fimi ultrasonografi ve di\u011fer g\u00f6r\u00fcnt\u00fcleme y\u00f6ntemleri kullanarak izlerler. Bebe\u011fin organlar\u0131, uzuvlar\u0131 ve genel geli\u015fimi detayl\u0131 bir \u015fekilde de\u011ferlendirilir.<\/p>\n<p><strong>Do\u011fum \u00d6ncesi Tan\u0131:<\/strong> Perinatologlar, gebelik s\u0131ras\u0131nda genetik bozukluklar\u0131 veya do\u011fumsal anomalileri belirleme amac\u0131yla ultrasonografi yaparlar ve gerekirse di\u011fer testlere ba\u015fvururlar.<\/p>\n<p><strong>Do\u011fum Sonras\u0131 Bak\u0131m:<\/strong> Perinatoloji, do\u011fum sonras\u0131nda annenin ve bebe\u011fin sa\u011fl\u0131\u011f\u0131n\u0131 izleyerek, do\u011fum sonras\u0131 sorunlar\u0131 tan\u0131mlama ve tedavi etme g\u00f6revini de i\u00e7erir.<\/p>\n<p><strong>T\u0131bbi Tedavi ve Y\u00f6netim:<\/strong> Perinatologlar, y\u00fcksek riskli gebelikleri y\u00f6netmek i\u00e7in t\u0131bbi tedavi planlar\u0131 olu\u015fturarak cerrahi m\u00fcdahaleler ger\u00e7ekle\u015ftirebilirler.<\/p>\n<p>Bu hizmet, genellikle do\u011fum \u00f6ncesi bak\u0131m ve do\u011fum sonras\u0131 takip ile ilgilenen obstetrik ve jinekoloji doktorlar\u0131 (perinatologlar) taraf\u0131ndan verilir. Perinatologlar genellikle multidisipliner bir yakla\u015f\u0131m benimserler ve di\u011fer uzmanlarla (genetik uzmanlar\u0131, neonatologlar, cerrahlar vb.) birlikte \u00e7al\u0131\u015farak annenin ve bebe\u011fin en iyi sa\u011fl\u0131k sonu\u00e7lar\u0131na ula\u015fmas\u0131n\u0131 sa\u011flamaya \u00e7al\u0131\u015f\u0131rlar.[\/vc_column_text][vc_separator color=&#8221;custom&#8221; style=&#8221;solid&#8221; el_class=&#8221;my-5&#8243;][\/vc_column][\/vc_row]<\/p>\n","protected":false},"excerpt":{"rendered":"<p>[vc_row][vc_column text_align=&#8221;center&#8221;][vc_single_image image=&#8221;487&#8243; img_size=&#8221;600&#215;534&#8243; alignment=&#8221;center&#8221; lightbox=&#8221;yes&#8221; animation_type=&#8221;fadeIn&#8221;][\/vc_column][vc_column][vc_column_text]Perinatoloji, gebelik, do\u011fum ve do\u011fum sonras\u0131 d\u00f6nemde annenin ve bebe\u011fin sa\u011fl\u0131\u011f\u0131yla ilgilenen t\u0131p dal\u0131d\u0131r. Perinatologlar, y\u00fcksek riskli gebelikleri, do\u011fum \u00f6ncesi tan\u0131 ve tedaviyi, fetal geli\u015fim sorunlar\u0131n\u0131 ve do\u011fum sonras\u0131 bak\u0131m\u0131 y\u00f6netmek konusunda \u00f6zel e\u011fitim alm\u0131\u015f Kad\u0131n Do\u011fum Uzmanlar\u0131d\u0131r. Bu uzmanl\u0131k alan\u0131, anne ve bebek sa\u011fl\u0131\u011f\u0131n\u0131 optimal seviyede tutma ve [&hellip;]<\/p>\n","protected":false},"author":2,"featured_media":0,"parent":0,"menu_order":0,"comment_status":"closed","ping_status":"closed","template":"","meta":{"footnotes":""},"class_list":["post-470","page","type-page","status-publish","hentry"],"_links":{"self":[{"href":"https:\/\/www.drilkeralicerci.com.tr\/index.php?rest_route=\/wp\/v2\/pages\/470","targetHints":{"allow":["GET"]}}],"collection":[{"href":"https:\/\/www.drilkeralicerci.com.tr\/index.php?rest_route=\/wp\/v2\/pages"}],"about":[{"href":"https:\/\/www.drilkeralicerci.com.tr\/index.php?rest_route=\/wp\/v2\/types\/page"}],"author":[{"embeddable":true,"href":"https:\/\/www.drilkeralicerci.com.tr\/index.php?rest_route=\/wp\/v2\/users\/2"}],"replies":[{"embeddable":true,"href":"https:\/\/www.drilkeralicerci.com.tr\/index.php?rest_route=%2Fwp%2Fv2%2Fcomments&post=470"}],"version-history":[{"count":20,"href":"https:\/\/www.drilkeralicerci.com.tr\/index.php?rest_route=\/wp\/v2\/pages\/470\/revisions"}],"predecessor-version":[{"id":497,"href":"https:\/\/www.drilkeralicerci.com.tr\/index.php?rest_route=\/wp\/v2\/pages\/470\/revisions\/497"}],"wp:attachment":[{"href":"https:\/\/www.drilkeralicerci.com.tr\/index.php?rest_route=%2Fwp%2Fv2%2Fmedia&parent=470"}],"curies":[{"name":"wp","href":"https:\/\/api.w.org\/{rel}","templated":true}]}}