{"id":154,"date":"2020-06-10T03:50:57","date_gmt":"2020-06-10T03:50:57","guid":{"rendered":"http:\/\/sw-themes.com\/porto_dummy\/?page_id=154"},"modified":"2024-01-06T12:44:48","modified_gmt":"2024-01-06T12:44:48","slug":"gastroenterology","status":"publish","type":"page","link":"https:\/\/www.drilkeralicerci.com.tr\/?page_id=154","title":{"rendered":"Fetal Eko"},"content":{"rendered":"<p>[vc_row][vc_column][vc_column_text]&#8221;Fetal eko&#8221; terimi, &#8220;fetal ekokardiyografi&#8221;nin k\u0131saltmas\u0131d\u0131r ve bebe\u011fin (fetusun) kalbinin detayl\u0131 bir \u015fekilde incelenmesini sa\u011flayan ultrasonografi y\u00f6ntemidir. Fetal ekokardiyografi, genellikle gebeli\u011fin 18 ila 24 haftas\u0131 aras\u0131nda ger\u00e7ekle\u015ftirilir ve bebe\u011fin kalp yap\u0131s\u0131n\u0131, fonksiyonunu ve genel kardiyovask\u00fcler sa\u011fl\u0131\u011f\u0131n\u0131 de\u011ferlendirmek i\u00e7in kullan\u0131l\u0131r. Bebeklerde en s\u0131k g\u00f6r\u00fclen sa\u011fl\u0131k sorunu kalp ile ilgili olanlard\u0131r. Kalp hastal\u0131klar\u0131n\u0131n %90\u2019\u0131 risk fakt\u00f6r\u00fc ta\u015f\u0131mayan gebelerin bebeklerinde g\u00f6r\u00fclmektedir. Bu nedenle t\u00fcm gebelerin fetal eko yapt\u0131rmas\u0131 \u00f6nerilir. %10\u2019luk risk fakt\u00f6r\u00fc ta\u015f\u0131yan grup \u015funlard\u0131r:<\/p>\n<p><strong>Ailede Kalp Hastal\u0131\u011f\u0131 \u00d6yk\u00fcs\u00fc:<\/strong> Ailede do\u011fu\u015ftan kalp hastal\u0131\u011f\u0131 \u00f6yk\u00fcs\u00fc olan bireylerde, bebe\u011fin kalp sa\u011fl\u0131\u011f\u0131n\u0131 daha dikkatli bir \u015fekilde kontrol etmek gerekir.<\/p>\n<p><strong>Anne veya Baba Aday\u0131nda Genetik Hastal\u0131k Ta\u015f\u0131ma Riski:<\/strong> Anne veya baba adaylar\u0131nda genetik bir kalp hastal\u0131\u011f\u0131 ta\u015f\u0131ma riski varsa, fetal ekokardiyografi yap\u0131lmal\u0131d\u0131r.<\/p>\n<p><strong>Ge\u00e7mi\u015f Gebeliklerde Kalp Sorunlar\u0131:<\/strong> Daha \u00f6nceki gebeliklerinde kalp hastal\u0131kl\u0131 \u00e7ocuk do\u011furan annelerin sonraki gebeliklerinde tekrarlama olas\u0131l\u0131\u011f\u0131 vard\u0131r. Bu nedenle fetal eko yap\u0131lmal\u0131d\u0131r.<\/p>\n<p><strong>Rutin Ultrasonografide Kalp Hastal\u0131\u011f\u0131 \u015e\u00fcphesi:<\/strong> Rutin ultrasonografide bebe\u011fin kalbinde anormallikler saptanmas\u0131 durumunda sizi takip eden hekiminiz fetal eko yapt\u0131rman\u0131z\u0131 \u00f6nerecektir. Fetal eko i\u00e7in m\u00fcracaat eden hastalar\u0131n yar\u0131s\u0131n\u0131 bunlar olu\u015fturmaktad\u0131r.<\/p>\n<p>Fetal ekokardiyografi s\u0131ras\u0131nda, uzman bir ultrasonografist veya perinatolog bebe\u011fin kalbini detayl\u0131 bir \u015fekilde inceler. Bu incelemede, bebe\u011fin kalp odac\u0131klar\u0131, kapak\u00e7\u0131klar\u0131, b\u00fcy\u00fckl\u00fc\u011f\u00fc ve kan ak\u0131\u015f\u0131 gibi \u00e7e\u015fitli parametreler de\u011ferlendirilir. Bu ultrasonografik inceleme, genellikle uzman bir sa\u011fl\u0131k profesyoneli taraf\u0131ndan ve \u00f6zel bir merkezde ger\u00e7ekle\u015ftirilir.[\/vc_column_text][vc_separator color=&#8221;custom&#8221; style=&#8221;solid&#8221; el_class=&#8221;my-5&#8243;][\/vc_column][\/vc_row]<\/p>\n","protected":false},"excerpt":{"rendered":"<p>[vc_row][vc_column][vc_column_text]&#8221;Fetal eko&#8221; terimi, &#8220;fetal ekokardiyografi&#8221;nin k\u0131saltmas\u0131d\u0131r ve bebe\u011fin (fetusun) kalbinin detayl\u0131 bir \u015fekilde incelenmesini sa\u011flayan ultrasonografi y\u00f6ntemidir. Fetal ekokardiyografi, genellikle gebeli\u011fin 18 ila 24 haftas\u0131 aras\u0131nda ger\u00e7ekle\u015ftirilir ve bebe\u011fin kalp yap\u0131s\u0131n\u0131, fonksiyonunu ve genel kardiyovask\u00fcler sa\u011fl\u0131\u011f\u0131n\u0131 de\u011ferlendirmek i\u00e7in kullan\u0131l\u0131r. Bebeklerde en s\u0131k g\u00f6r\u00fclen sa\u011fl\u0131k sorunu kalp ile ilgili olanlard\u0131r. Kalp hastal\u0131klar\u0131n\u0131n %90\u2019\u0131 risk fakt\u00f6r\u00fc ta\u015f\u0131mayan [&hellip;]<\/p>\n","protected":false},"author":1,"featured_media":0,"parent":15,"menu_order":0,"comment_status":"closed","ping_status":"closed","template":"","meta":{"footnotes":""},"class_list":["post-154","page","type-page","status-publish","hentry"],"_links":{"self":[{"href":"https:\/\/www.drilkeralicerci.com.tr\/index.php?rest_route=\/wp\/v2\/pages\/154","targetHints":{"allow":["GET"]}}],"collection":[{"href":"https:\/\/www.drilkeralicerci.com.tr\/index.php?rest_route=\/wp\/v2\/pages"}],"about":[{"href":"https:\/\/www.drilkeralicerci.com.tr\/index.php?rest_route=\/wp\/v2\/types\/page"}],"author":[{"embeddable":true,"href":"https:\/\/www.drilkeralicerci.com.tr\/index.php?rest_route=\/wp\/v2\/users\/1"}],"replies":[{"embeddable":true,"href":"https:\/\/www.drilkeralicerci.com.tr\/index.php?rest_route=%2Fwp%2Fv2%2Fcomments&post=154"}],"version-history":[{"count":3,"href":"https:\/\/www.drilkeralicerci.com.tr\/index.php?rest_route=\/wp\/v2\/pages\/154\/revisions"}],"predecessor-version":[{"id":463,"href":"https:\/\/www.drilkeralicerci.com.tr\/index.php?rest_route=\/wp\/v2\/pages\/154\/revisions\/463"}],"up":[{"embeddable":true,"href":"https:\/\/www.drilkeralicerci.com.tr\/index.php?rest_route=\/wp\/v2\/pages\/15"}],"wp:attachment":[{"href":"https:\/\/www.drilkeralicerci.com.tr\/index.php?rest_route=%2Fwp%2Fv2%2Fmedia&parent=154"}],"curies":[{"name":"wp","href":"https:\/\/api.w.org\/{rel}","templated":true}]}}