{"id":150,"date":"2020-06-10T03:50:10","date_gmt":"2020-06-10T03:50:10","guid":{"rendered":"http:\/\/sw-themes.com\/porto_dummy\/?page_id=150"},"modified":"2024-01-06T13:10:19","modified_gmt":"2024-01-06T13:10:19","slug":"cardiology","status":"publish","type":"page","link":"https:\/\/www.drilkeralicerci.com.tr\/?page_id=150","title":{"rendered":"Riskli Gebelik Takibi"},"content":{"rendered":"<p>[vc_row][vc_column][vc_column_text]Riskli gebelik takibi, hamileli\u011fi s\u0131ras\u0131nda anne veya bebek i\u00e7in potansiyel sa\u011fl\u0131k sorunlar\u0131 olan kad\u0131nlar i\u00e7in yap\u0131lan \u00f6zel bir gebelik takibidir. Riskli gebelik durumlar\u0131, genellikle \u00f6nceden var olan t\u0131bbi durumlar, ge\u00e7mi\u015f gebelik sorunlar\u0131 veya di\u011fer fakt\u00f6rler nedeniyle ortaya \u00e7\u0131kabilir. Bu durumda, anne ve bebek i\u00e7in ekstra dikkat ve \u00f6zen gerekir.<\/p>\n<p><strong>Riskli Gebelikler<\/strong><\/p>\n<p><strong>Y\u00fcksek tansiyon:<\/strong> Anne aday\u0131n\u0131n y\u00fcksek tansiyonu, preeklampsi ad\u0131 verilen bir durumu tetikleyebilir. Bu durum hem anne hem de bebek sa\u011fl\u0131\u011f\u0131n\u0131 bozabilir ve erken do\u011fuma neden olabilir.<\/p>\n<p><strong>Diyabet:<\/strong> Gebelik \u00f6ncesi var olabilece\u011fi gibi (pregestasyonel diyabet) ilk kez hamilelikte de ortaya \u00e7\u0131kabilir (gestasyonel diyabet). Her iki durumun takip ve tedavi \u00f6zellikleri farkl\u0131d\u0131r. Tedavi edilmemesi durumunda anne ve bebek sa\u011fl\u0131\u011f\u0131 bozulabilir, anne karn\u0131nda bebek \u00f6l\u00fcm\u00fcne kadar giden sorunlar ortaya \u00e7\u0131kabilir. \u00d6ncelikle diyet uygulan\u0131r, diyet yeterli gelmez ise ila\u00e7 tedavisine (hap ya da ins\u00fclin) ge\u00e7ilir. Do\u011fumu \u00f6ne \u00e7ekmek gerekebilir.<\/p>\n<p><strong>\u00c7oklu gebelik:<\/strong> \u0130kiz, \u00fc\u00e7\u00fcz veya daha fazla bebek ta\u015f\u0131yan annelerde, gebelik riskleri artmaktad\u0131r. \u00d6zellikle erken do\u011fum ile s\u0131k kar\u015f\u0131la\u015f\u0131l\u0131r. Bu gebelerin yak\u0131n takibi zaman zaman hastaneye yat\u0131r\u0131lmalar\u0131 ve erken do\u011fum olmamas\u0131 i\u00e7in gerekli \u00f6nemlerin al\u0131nmas\u0131 gerekebilir.<\/p>\n<p><strong>Ya\u015f fakt\u00f6rleri:<\/strong> Gen\u00e7 ya\u015ftaki anneler ve 35 ya\u015f\u0131n \u00fczerindeki anne adaylar\u0131nda gebelik s\u00fcreci biraz daha sorunlu ge\u00e7ebilmektedir. Erken do\u011fum, y\u00fcksek tansiyon, do\u011fumun gecikmesi, bebe\u011fin anne karn\u0131nda kakas\u0131n\u0131 yapmas\u0131 gibi durumlarla kar\u015f\u0131la\u015f\u0131labilinmektedir.<\/p>\n<p><strong>Ge\u00e7mi\u015f gebelik sorunlar\u0131:<\/strong> Daha \u00f6nce d\u00fc\u015f\u00fck, premat\u00fcr do\u011fum veya do\u011fum kusurlar\u0131 ya\u015fayan kad\u0131nlar, riskli gebelik kategorisine girerler. Zira ayn\u0131 sorunlar\u0131n tekrarlamas\u0131 m\u00fcmk\u00fcnd\u00fcr.<\/p>\n<p><strong>Genetik fakt\u00f6rler:<\/strong> Ailede genetik hastal\u0131klar\u0131n varl\u0131\u011f\u0131, riskli bir gebeli\u011fi tetikleyebilir.<\/p>\n<p><strong>T\u0131bbi durumlar:<\/strong> Anne aday\u0131n\u0131n kronik hastal\u0131klar\u0131 veya t\u0131bbi sorunlar\u0131, gebelik s\u00fcrecini riskli hale getirebilir.<\/p>\n<p>Riskli gebeliklerin takibi perinatoloji uzmanlar\u0131 taraf\u0131ndan yap\u0131lmal\u0131d\u0131r. \u00a0D\u00fczenli doktor ziyaretleri, \u00f6zel testler ve ekstra monit\u00f6rizasyon gerekebilir. Bu takip, bebe\u011fin ve annenin sa\u011fl\u0131\u011f\u0131n\u0131 koruma amac\u0131 ta\u015f\u0131r.<\/p>\n<p><strong>Perinat Klinik olarak misyonumuz sa\u011fl\u0131kl\u0131 anne, sa\u011fl\u0131kl\u0131 bebek.<\/strong>[\/vc_column_text][vc_separator color=&#8221;custom&#8221; style=&#8221;solid&#8221; el_class=&#8221;my-5&#8243;][\/vc_column][\/vc_row]<\/p>\n","protected":false},"excerpt":{"rendered":"<p>[vc_row][vc_column][vc_column_text]Riskli gebelik takibi, hamileli\u011fi s\u0131ras\u0131nda anne veya bebek i\u00e7in potansiyel sa\u011fl\u0131k sorunlar\u0131 olan kad\u0131nlar i\u00e7in yap\u0131lan \u00f6zel bir gebelik takibidir. Riskli gebelik durumlar\u0131, genellikle \u00f6nceden var olan t\u0131bbi durumlar, ge\u00e7mi\u015f gebelik sorunlar\u0131 veya di\u011fer fakt\u00f6rler nedeniyle ortaya \u00e7\u0131kabilir. Bu durumda, anne ve bebek i\u00e7in ekstra dikkat ve \u00f6zen gerekir. Riskli Gebelikler Y\u00fcksek tansiyon: Anne aday\u0131n\u0131n [&hellip;]<\/p>\n","protected":false},"author":1,"featured_media":0,"parent":15,"menu_order":0,"comment_status":"closed","ping_status":"closed","template":"","meta":{"footnotes":""},"class_list":["post-150","page","type-page","status-publish","hentry"],"_links":{"self":[{"href":"https:\/\/www.drilkeralicerci.com.tr\/index.php?rest_route=\/wp\/v2\/pages\/150","targetHints":{"allow":["GET"]}}],"collection":[{"href":"https:\/\/www.drilkeralicerci.com.tr\/index.php?rest_route=\/wp\/v2\/pages"}],"about":[{"href":"https:\/\/www.drilkeralicerci.com.tr\/index.php?rest_route=\/wp\/v2\/types\/page"}],"author":[{"embeddable":true,"href":"https:\/\/www.drilkeralicerci.com.tr\/index.php?rest_route=\/wp\/v2\/users\/1"}],"replies":[{"embeddable":true,"href":"https:\/\/www.drilkeralicerci.com.tr\/index.php?rest_route=%2Fwp%2Fv2%2Fcomments&post=150"}],"version-history":[{"count":11,"href":"https:\/\/www.drilkeralicerci.com.tr\/index.php?rest_route=\/wp\/v2\/pages\/150\/revisions"}],"predecessor-version":[{"id":476,"href":"https:\/\/www.drilkeralicerci.com.tr\/index.php?rest_route=\/wp\/v2\/pages\/150\/revisions\/476"}],"up":[{"embeddable":true,"href":"https:\/\/www.drilkeralicerci.com.tr\/index.php?rest_route=\/wp\/v2\/pages\/15"}],"wp:attachment":[{"href":"https:\/\/www.drilkeralicerci.com.tr\/index.php?rest_route=%2Fwp%2Fv2%2Fmedia&parent=150"}],"curies":[{"name":"wp","href":"https:\/\/api.w.org\/{rel}","templated":true}]}}